- 6. Give x(o).
8
Let k = 2 + 2. Let r = k + -4. Suppose r = 2*f - 4. Let z(c) = -c**3 + c**2 + c + 2. Give z(f).
0
Let o(x) = 7*x**3 - x**2 + x - 1. Let i be ((-12)/8)/(2/4). Let h = 1 - i. Suppose 0 = 3*f - 3*a + 3, -3*f = -f + a - h. Determine o(f).
6
Let d(p) = 2*p - 1. Let x be 38/(-6) - (-15)/45. Let g(w) = w + 9. Let l be g(x). Calculate d(l).
5
Let b(c) = 0*c - 4*c + c**2 + 3*c. Let p be b(-1). Let z(q) = q**3 - 6*q**2 + 3*q**p + 0*q**2 - 6*q + 3. Determine z(4).
-5
Let w(t) = -t**2. Let d(v) = -3*v**2 + 8. Let y(s) = d(s) - 4*w(s). Give y(0).
8
Let p(n) = 2*n**2 + n - 1. Suppose 3*b + 10 = -2*b. What is p(b)?
5
Let q be ((-2)/(-5))/(-1)*5. Let l(a) be the third derivative of -a**6/120 - a**5/20 + a**4/12 + a**3/3 - 20*a**2. Give l(q).
-6
Let k = 9 + -9. Let u(n) = n**2 - 8. Calculate u(k).
-8
Let y = -1 + -2. Suppose -q = -3*q. Let c = y + q. Let t(n) = 2*n. Give t(c).
-6
Let r(u) = -7*u**2 + u + 6. Let v(p) = -20*p**2 + 3*p + 17. Let d(i) = 11*r(i) - 4*v(i). Suppose -2 + 4 = y. Calculate d(y).
8
Let q(i) = -3*i**2 - 4*i - 1. Let n(y) = -16*y**2 - 20*y - 6. Let m(p) = 2*n(p) - 11*q(p). Calculate m(-4).
-1
Suppose 10 = 3*j + 2*j. Let t(c) = -1 + 0 - 6*c + 2*c**2 - c**2 - 3*c**j. What is t(-4)?
-9
Let g(k) = 3*k**2 + k - 2. Let w(x) = -6 + 2*x**2 - 4*x - 3*x**2 - x. Let y be (-2)/(-7) - 90/21. Let m be w(y). Determine g(m).
8
Suppose -7 = 3*l + 2*r, 3*r - 7 + 4 = 0. Let n(j) = j**3 + 6*j**2 + 4*j - 3. Let x be n(-5). Let s(q) = x*q + 2*q + 0*q + q**2. Calculate s(l).
-3
Let z(s) = -s**3 + 3*s**2 + 3*s + 5. Let j(a) = a - 3. Let m be (-1 + 7/2)*2. Suppose -3*f = 2*y - m, -y - f - 31 = -5*y. Let u be j(y). Calculate z(u).
1
Let a(d) = 8*d + 0*d - 1 + 2*d - 6*d. Determine a(1).
3
Let m(p) = 9*p**2 - 9 - 27*p**3 + 15*p**3 + 11*p**3 + 10*p + 0. Give m(10).
-9
Let t(f) be the third derivative of 5*f**4/24 - f**3/3 + 4*f**2. Let n be t(1). Let v(k) = k**2 - 3. Calculate v(n).
6
Let b(v) = -4*v**3 - 28*v**2 - 41*v - 5. Let h(s) = s**3 + 7*s**2 + 10*s + 1. Let g(d) = 2*b(d) + 9*h(d). Suppose 0 = -3*p - 29 + 11. Give g(p).
-13
Let r(p) = 152*p - 78*p - 4 - 73*p. Let j be (9 - 1)*(-2)/(-4). Determine r(j).
0
Let w(u) = -u**3 - 3*u**2 + 3. Suppose -5*n + 2*j - 3 - 4 = 0, 0 = 2*n + 4*j + 22. Let b = n - 0. Determine w(b).
3
Let y(j) = -2*j**3 + 4*j**2 + 4*j. Let c(p) = 3*p**3 - 9*p**2 - 8*p - 1. Let z(v) = -3*c(v) - 5*y(v). What is z(-6)?
15
Let c(f) = f**3 - 2*f**2 + f. Let t(m) = -m + 1. Let g be t(-1). Let x be c(g). Let r(y) = -y**3 + 4*y**2 + y. Determine r(x).
10
Suppose -7*k + 4*k + 51 = 0. Let i = 18 - k. Let b(l) be the third derivative of l**4/6 + l**3/6 - l**2. Calculate b(i).
5
Let d(c) = -4*c**2 + c**3 + 10*c**2 + 2 + 1. Calculate d(-6).
3
Let f(b) = -2*b + 0 - 4*b + 2*b + 3. Determine f(-5).
23
Let l(p) = -5*p**2 - p**3 + 2*p**3 + 7 - p**2 - p. Let s be -2 + -1 - (-8 - 1). Determine l(s).
1
Let x(t) be the first derivative of 9*t**4/4 - 2*t**3/3 - t**2 - t + 7. What is x(-1)?
-10
Let y be 140/3 - (-4)/12. Suppose 0 = -2*r - 5*m + y, 0 = -4*r - 9*m + 4*m + 79. Suppose 4*x = -0 + r. Let z(f) = f - 5. Give z(x).
-1
Let l = 12 - 10. Suppose l - 4 = -n. Let a(i) = i**3 + i - 1. Give a(n).
9
Suppose -16*d + 10*d = 30. Let p(v) = 2*v + 6. Give p(d).
-4
Let w be 9/7 + 4/(-14). Let i(b) be the first derivative of 4 + 4*b - 3*b + 2*b**3 + 0*b - b**2 - 3. What is i(w)?
5
Let w(r) be the first derivative of -r**4/4 + 2*r**3 - r**2 + 1. Determine w(6).
-12
Let a(c) = -3*c - 4. Let l be (-2)/(-6)*(-24)/2. Determine a(l).
8
Let k(a) = -a + 5. Let p = 29 - 35. Determine k(p).
11
Suppose f = 3*f. Let p(q) be the third derivative of -1/60*q**5 - 1/8*q**4 + 0 + f*q - q**2 + 1/2*q**3. Calculate p(-4).
-1
Let l(a) = a**2 + 3*a + 9*a - 4*a - 2. Suppose 470*p - 455*p = -90. Give l(p).
-14
Let x = -6 + 10. Let y(w) = 2 - x*w**2 - 6 + 2*w**3 + 2*w + 6. What is y(2)?
6
Suppose -5*q + 31 = -4*h, -2*q + 23 = -q - 5*h. Let l = q - 4. Let x(t) = t**3 - t**2. Give x(l).
-2
Let w(d) = d**3 + 3*d**2 + d + 5. Let a = -17 - -14. Let z be (-14)/2 - (a - 0). Give w(z).
-15
Let r(z) = -3*z**2 - 2*z**3 - 3 - 4*z + 3*z**3 + 0*z**3 + 0*z**3. Give r(4).
-3
Let a be -2*1/(-1)*1. Suppose -m - 34 = a*m + 4*g, -2*g - 8 = 0. Let w(o) = 277*o - 278*o - o**2 - 1 - 5*o**2 - o**3. What is w(m)?
5
Let z(l) = -3*l**3 - l**2 - 2*l - 1. Suppose -7 = 3*j - 4. Determine z(j).
3
Let d(u) = u**2 - u - 5. Suppose 3*k + 3*l - 16 = 2*k, -k + 20 = 4*l. Calculate d(k).
7
Let m(a) = 2*a - 2. Suppose 7*f = 3*f + 8. Let x = 3 + f. Calculate m(x).
8
Suppose 0 = -2*o - 5*u + 5, -u + 1 = -4*o - o. Let p(a) = -a**2 + 2*a**2 - 1 + o*a - 3*a. Determine p(4).
3
Let i(f) = 2*f**2 - 3*f. Let g be 23/7 + 4/(-14). Give i(g).
9
Let v(t) = t**3 + 3*t**2 + 3*t + 6. Let d(k) = k**2 + 1. Let w(q) = -6*d(q) + v(q). Determine w(3).
9
Let m be (-1*(-2 - -3))/(2 + -1). Let f(b) = -b**2 - b. What is f(m)?
0
Let z(a) = -a**2 - 5*a. Let f = -26 - -20. Determine z(f).
-6
Let s(h) = -h**3 + 3*h**2 + 8*h + 9. Let f(c) = c**3 - 2*c**2 - 8*c - 10. Let x(v) = 3*f(v) + 4*s(v). Calculate x(7).
13
Let m(u) be the first derivative of -u**2/2 + 4*u + 11. Let z = 7 - 2. Give m(z).
-1
Let r be (0 - (2 + 0))*-2. Suppose 3*v + 11 = -r. Let p(i) = -i**3 - 5*i**2 + i + 1. Calculate p(v).
-4
Suppose 5*w + 50 = 5*h, -h - w = -5*w - 22. Let c = h - 10. Let m(d) = 7*d**2 + 34*d. Let x(l) = -3*l**2 - 14*l. Let v(n) = -2*m(n) - 5*x(n). Determine v(c).
8
Let q(r) = r + 1. Let x be q(4). Let h(l) = -l**3 - l. Let i(n) = -4*n**3 + 6*n**2 - 7*n - 2. Let y(c) = 3*h(c) - i(c). Give y(x).
-3
Let g(r) be the first derivative of -r**4/2 + r**2/2 + r - 5. Let o be 1*3/(-3 + 0). What is g(o)?
2
Let h(l) = -40*l + 41*l - 2 + 1. Calculate h(1).
0
Let y(v) = -v - 8. Let m = 18 + -22. Let u be y(m). Let i(o) = -o + 1 - 3 + 1. Give i(u).
3
Let x be -1*-1*(-10)/2. Let t(z) = -3*z**3 - 10*z**2 - 23*z - 11. Let d(v) = 8 - 1 - 3*v + 2*v**3 + 18*v + 7*v**2. Let m(c) = -8*d(c) - 5*t(c). Give m(x).
-1
Let q(x) = 3*x - 4 + 0 - 2*x. Let u(d) = 4*d**2 - d**2 - d**3 - 4 - d + 7*d. Let p be u(4). Determine q(p).
0
Let z be -3 + (-9)/(-3) + -1. Let j(r) be the first derivative of 15*r**4/4 + r**3/3 + r**2/2 + r - 2. What is j(z)?
-14
Let p(q) = -4*q. Let k(t) = -t. Let s(u) = -6*k(u) + p(u). Suppose 2 = -j + 2*r + 12, 2*r - 2 = -2*j. Suppose -j*a = 1 - 5. What is s(a)?
2
Let p be (3 - 8/3)*6. Suppose -2*c - 6 = -5*c. Let m(d) = -3 + 2 - d + c*d. Give m(p).
1
Suppose 17 = -4*f + 1. Let s = f + 6. Suppose -a + 5*a = s*c - 10, -4*c + 20 = -4*a. Let d(b) = b**3 - b**2 - b + 4. Determine d(a).
4
Let c(i) = 7*i. Let h = 6 - 10. What is c(h)?
-28
Suppose z + 47 = 43. Let y(r) = r**2 + 5*r + 4. Calculate y(z).
0
Let y(h) = h**2 + 4*h. Let u be (1 + 36/(-20))*5. Give y(u).
0
Let c(z) = z**2 + 8*z + 7. Let o be (-1)/4*-2*(-56 - -46). Calculate c(o).
-8
Let d(w) = 4*w - 1. Let u be (-2)/(-5) + (-46)/(-10). Let s = u + -3. What is d(s)?
7
Suppose 2*h - 13 = -3. Let y(i) = 0*i**3 - 3*i + 2 + 0*i**3 + 3*i**3 - 2*i**3 - 4*i**2. Determine y(h).
12
Suppose -h = -2*h + 3. Let a(j) = -j + 3. Suppose -3*n + n = 2. Let b(p) = -1. Let l(z) = n*a(z) - 3*b(z). Give l(h).
3
Let p = 2 - -3. Let r(v) be the second derivative of -v**3/3 + 7*v**2/2 - v. Calculate r(p).
-3
Let n(k) be the second derivative of k**5/20 + k**4/2 + k**3 + k**2/2 + 6*k. Calculate n(-5).
-4
Let i(s) = 2*s**2 + 2*s - 1. Let p be i(-2). Suppose -7 = -5*r + p. Let c(n) = 7 - 8 + 2*n**r - n**2. Determine c(0).
-1
Let x(w) = 12*w - 6. Let h(m) = 6*m - 3. Let k(o) = 5*h(o) - 3*x(o). What is k(4)?
-21
Let g(y) = 5*y + 2. Suppose -2*w - 4*w = 12. What is g(w)?
-8
Let f(d) = -d**3 + 8*d**2 - 7*d + 2. Let i(q) = -q**3 - 12*q**2 - 12*q - 4. Let c be i(-11). Give f(c).
2
Let o = 13 - 11. Let x(p) = 17*p**2 - 9 - 8*p**o - p**3 + 6*p - 4*p**2. Calculate x(6).
-9
Let s(x) = x**3 + x**2 - 1. Let p = 0 - 0. Determine s(p).
-1
Let s(j) = j**2 + 2*j + 2. Suppose 0 = -b - 0*b + 4. Let y be (5 - 2)*b/6. Let m = -1 - y. Determine s(m).
5
Let j(b) = -2*b - 2. Let g(d) = 4*d + 5. Let a(u) = 4*g(u) + 9*j(u). Give a(-2).
6
Let a = 9 + -9. Let i(r) = -3 + 23*r + a - 13*r - 16*r + r**2. What is i(4)?
-11
Let j = -25 - -27. Let f be 9/j*(-8)/(-6). Let s(h) = -h**2 + 8*h + 3. What is s(f)?
15
Let i(r) = -11*r + 5. Let x(q) = -5*q + 2. Let s(n) = -4*i(